[INFO] cloning repository https://github.com/rrader/EventBaboon
[INFO] running `Command { std: "git" "-c" "credential.helper=" "-c" "credential.helper=/workspace/cargo-home/bin/git-credential-null" "clone" "--bare" "https://github.com/rrader/EventBaboon" "/workspace/cache/git-repos/https%3A%2F%2Fgithub.com%2Frrader%2FEventBaboon", kill_on_drop: false }`
[INFO] [stderr] Cloning into bare repository '/workspace/cache/git-repos/https%3A%2F%2Fgithub.com%2Frrader%2FEventBaboon'...
[INFO] running `Command { std: "git" "rev-parse" "HEAD", kill_on_drop: false }`
[INFO] [stdout] 0ba91ee13bbc19ed871f6aea2cc780f8e9538d39
[INFO] checking rrader/EventBaboon against master#af3c6e733a40e671550e0f0f5aeecaa13772ba56 for pr-74989
[INFO] running `Command { std: "git" "clone" "/workspace/cache/git-repos/https%3A%2F%2Fgithub.com%2Frrader%2FEventBaboon" "/workspace/builds/worker-7/source", kill_on_drop: false }`
[INFO] [stderr] Cloning into '/workspace/builds/worker-7/source'...
[INFO] [stderr] done.
[INFO] validating manifest of git repo https://github.com/rrader/EventBaboon on toolchain af3c6e733a40e671550e0f0f5aeecaa13772ba56
[INFO] running `Command { std: "/workspace/cargo-home/bin/cargo" "+af3c6e733a40e671550e0f0f5aeecaa13772ba56" "read-manifest" "--manifest-path" "Cargo.toml", kill_on_drop: false }`
[INFO] started tweaking git repo https://github.com/rrader/EventBaboon
[INFO] finished tweaking git repo https://github.com/rrader/EventBaboon
[INFO] tweaked toml for git repo https://github.com/rrader/EventBaboon written to /workspace/builds/worker-7/source/Cargo.toml
[INFO] crate git repo https://github.com/rrader/EventBaboon already has a lockfile, it will not be regenerated
[INFO] running `Command { std: "/workspace/cargo-home/bin/cargo" "+af3c6e733a40e671550e0f0f5aeecaa13772ba56" "fetch" "--locked" "--manifest-path" "Cargo.toml", kill_on_drop: false }`
[INFO] [stderr] error: the lock file /workspace/builds/worker-7/source/Cargo.lock needs to be updated but --locked was passed to prevent this
[INFO] [stderr] If you want to try to generate the lock file without accessing the network, use the --offline flag.
[INFO] the lockfile is outdated, regenerating it
[INFO] running `Command { std: "/workspace/cargo-home/bin/cargo" "+af3c6e733a40e671550e0f0f5aeecaa13772ba56" "generate-lockfile" "--manifest-path" "Cargo.toml" "-Zno-index-update", kill_on_drop: false }`
[INFO] running `Command { std: "/workspace/cargo-home/bin/cargo" "+af3c6e733a40e671550e0f0f5aeecaa13772ba56" "fetch" "--locked" "--manifest-path" "Cargo.toml", kill_on_drop: false }`
[INFO] running `Command { std: "docker" "create" "-v" "/var/lib/crater-agent-workspace/builds/worker-7/target:/opt/rustwide/target:rw,Z" "-v" "/var/lib/crater-agent-workspace/builds/worker-7/source:/opt/rustwide/workdir:ro,Z" "-v" "/var/lib/crater-agent-workspace/cargo-home:/opt/rustwide/cargo-home:ro,Z" "-v" "/var/lib/crater-agent-workspace/rustup-home:/opt/rustwide/rustup-home:ro,Z" "-e" "SOURCE_DIR=/opt/rustwide/workdir" "-e" "CARGO_TARGET_DIR=/opt/rustwide/target" "-e" "CARGO_HOME=/opt/rustwide/cargo-home" "-e" "RUSTUP_HOME=/opt/rustwide/rustup-home" "-w" "/opt/rustwide/workdir" "-m" "1610612736" "--user" "0:0" "--network" "none" "rustops/crates-build-env@sha256:d92eaeed33fa75130ca1ee6c8a01d1ffb62bac859dfdfb3450e3e5d1c0146529" "/opt/rustwide/cargo-home/bin/cargo" "+af3c6e733a40e671550e0f0f5aeecaa13772ba56" "metadata" "--no-deps" "--format-version=1", kill_on_drop: false }`
[INFO] [stderr] WARNING: Your kernel does not support swap limit capabilities or the cgroup is not mounted. Memory limited without swap.
[INFO] [stdout] ecfad47467612dbf050bb472e8789ec8888537b0a7ffa7e47ce2f1924f1239df
[INFO] running `Command { std: "docker" "start" "-a" "ecfad47467612dbf050bb472e8789ec8888537b0a7ffa7e47ce2f1924f1239df", kill_on_drop: false }`
[INFO] running `Command { std: "docker" "inspect" "ecfad47467612dbf050bb472e8789ec8888537b0a7ffa7e47ce2f1924f1239df", kill_on_drop: false }`
[INFO] running `Command { std: "docker" "rm" "-f" "ecfad47467612dbf050bb472e8789ec8888537b0a7ffa7e47ce2f1924f1239df", kill_on_drop: false }`
[INFO] [stdout] ecfad47467612dbf050bb472e8789ec8888537b0a7ffa7e47ce2f1924f1239df
[INFO] running `Command { std: "docker" "create" "-v" "/var/lib/crater-agent-workspace/builds/worker-7/target:/opt/rustwide/target:rw,Z" "-v" "/var/lib/crater-agent-workspace/builds/worker-7/source:/opt/rustwide/workdir:ro,Z" "-v" "/var/lib/crater-agent-workspace/cargo-home:/opt/rustwide/cargo-home:ro,Z" "-v" "/var/lib/crater-agent-workspace/rustup-home:/opt/rustwide/rustup-home:ro,Z" "-e" "SOURCE_DIR=/opt/rustwide/workdir" "-e" "CARGO_TARGET_DIR=/opt/rustwide/target" "-e" "CARGO_INCREMENTAL=0" "-e" "RUST_BACKTRACE=full" "-e" "RUSTFLAGS=--cap-lints=forbid" "-e" "CARGO_HOME=/opt/rustwide/cargo-home" "-e" "RUSTUP_HOME=/opt/rustwide/rustup-home" "-w" "/opt/rustwide/workdir" "-m" "1610612736" "--user" "0:0" "--network" "none" "rustops/crates-build-env@sha256:d92eaeed33fa75130ca1ee6c8a01d1ffb62bac859dfdfb3450e3e5d1c0146529" "/opt/rustwide/cargo-home/bin/cargo" "+af3c6e733a40e671550e0f0f5aeecaa13772ba56" "check" "--frozen" "--all" "--all-targets" "--message-format=json", kill_on_drop: false }`
[INFO] [stdout] dded1564d8f671db5edd87bbe4436f5373781da4ef73ac5a6510028cfc7b6e2e
[INFO] [stderr] WARNING: Your kernel does not support swap limit capabilities or the cgroup is not mounted. Memory limited without swap.
[INFO] running `Command { std: "docker" "start" "-a" "dded1564d8f671db5edd87bbe4436f5373781da4ef73ac5a6510028cfc7b6e2e", kill_on_drop: false }`
[INFO] [stderr]     Blocking waiting for file lock on package cache
[INFO] [stderr]    Compiling memchr v2.3.3
[INFO] [stderr]    Compiling ryu v1.0.5
[INFO] [stderr]    Compiling bitflags v1.2.1
[INFO] [stderr]     Checking serde v0.8.23
[INFO] [stderr]     Checking static_assertions v1.1.0
[INFO] [stderr]     Checking rust-ini v0.13.0
[INFO] [stderr]     Checking argparse v0.2.2
[INFO] [stderr]     Checking rustc-serialize v0.3.24
[INFO] [stderr]    Compiling num-traits v0.2.12
[INFO] [stderr]     Checking thread_local v1.0.1
[INFO] [stderr]    Compiling nom v5.1.2
[INFO] [stderr]     Checking yaml-rust v0.4.4
[INFO] [stderr]     Checking log v0.4.11
[INFO] [stderr]     Checking toml v0.5.6
[INFO] [stderr]    Compiling syn v1.0.41
[INFO] [stderr]     Checking mio v0.6.22
[INFO] [stderr]     Checking tracing v0.1.19
[INFO] [stderr]     Checking want v0.3.0
[INFO] [stderr]     Checking lexical-core v0.7.4
[INFO] [stderr]     Checking serde_json v1.0.57
[INFO] [stderr]     Checking aho-corasick v0.7.13
[INFO] [stderr]     Checking csv-core v0.1.10
[INFO] [stderr]     Checking bstr v0.2.13
[INFO] [stderr]     Checking tokio v0.2.22
[INFO] [stderr]     Checking csv v1.1.3
[INFO] [stderr]     Checking regex v1.3.9
[INFO] [stderr]     Checking num-traits v0.1.43
[INFO] [stderr]     Checking serde_test v0.8.23
[INFO] [stderr]     Checking linked-hash-map v0.3.0
[INFO] [stderr]     Checking serde-hjson v0.9.1
[INFO] [stderr]     Checking tokio-util v0.3.1
[INFO] [stderr]    Compiling pin-project-internal v0.4.23
[INFO] [stderr]     Checking config v0.10.1
[INFO] [stderr]     Checking pin-project v0.4.23
[INFO] [stderr]     Checking futures-util v0.3.5
[INFO] [stderr]     Checking h2 v0.2.6
[INFO] [stderr]     Checking hyper v0.13.7
[INFO] [stderr]     Checking itkpi-web v0.0.1 (/opt/rustwide/workdir)
[INFO] [stdout] error[E0432]: unresolved import `config::reader`
[INFO] [stdout]   --> src/main.rs:11:5
[INFO] [stdout]    |
[INFO] [stdout] 11 | use config::reader;
[INFO] [stdout]    |     ^^^^^^^^^^^^^^ no `reader` in the root
[INFO] [stdout] 
[INFO] [stdout] 
[INFO] [stdout] error: cannot find macro `header` in this scope
[INFO] [stdout]   --> src/events_loader/mod.rs:12:1
[INFO] [stdout]    |
[INFO] [stdout] 12 | header! { (ClientKey, "Client-Key") => [String] }
[INFO] [stdout]    | ^^^^^^
[INFO] [stdout] 
[INFO] [stdout] 
[INFO] [stdout] error[E0425]: cannot find function, tuple struct or tuple variant `ClientKey` in this scope
[INFO] [stdout]   --> src/events_loader/mod.rs:25:29
[INFO] [stdout]    |
[INFO] [stdout] 25 |                     .header(ClientKey(key.clone()))
[INFO] [stdout]    |                             ^^^^^^^^^ not found in this scope
[INFO] [stdout] 
[INFO] [stdout] 
[INFO] [stdout] warning: use of deprecated macro `try`: use the `?` operator instead
[INFO] [stdout]   --> src/events_loader/types.rs:32:9
[INFO] [stdout]    |
[INFO] [stdout] 32 |         try!(write!(f, "<offset: {}, count: {}>", self.offset, self.count));
[INFO] [stdout]    |         ^^^
[INFO] [stdout]    |
[INFO] [stdout]    = note: `#[warn(deprecated)]` on by default
[INFO] [stdout] 
[INFO] [stdout] 
[INFO] [stdout] warning: use of deprecated macro `try`: use the `?` operator instead
[INFO] [stdout]   --> src/events_loader/types.rs:34:13
[INFO] [stdout]    |
[INFO] [stdout] 34 |             try!(write!(f, "[#{}: {}]", item.id, item.title));
[INFO] [stdout]    |             ^^^
[INFO] [stdout] 
[INFO] [stdout] 
[INFO] [stdout] warning: unused `#[macro_use]` import
[INFO] [stdout]  --> src/main.rs:1:1
[INFO] [stdout]   |
[INFO] [stdout] 1 | #[macro_use] extern crate hyper;
[INFO] [stdout]   | ^^^^^^^^^^^^
[INFO] [stdout]   |
[INFO] [stdout]   = note: `#[warn(unused_imports)]` on by default
[INFO] [stdout] 
[INFO] [stdout] 
[INFO] [stdout] error[E0432]: unresolved import `config::reader`
[INFO] [stdout]   --> src/main.rs:11:5
[INFO] [stdout]    |
[INFO] [stdout] 11 | use config::reader;
[INFO] [stdout]    |     ^^^^^^^^^^^^^^ no `reader` in the root
[INFO] [stdout] 
[INFO] [stdout] 
[INFO] [stdout] error: cannot find macro `header` in this scope
[INFO] [stdout]   --> src/events_loader/mod.rs:12:1
[INFO] [stdout]    |
[INFO] [stdout] 12 | header! { (ClientKey, "Client-Key") => [String] }
[INFO] [stdout]    | ^^^^^^
[INFO] [stdout] 
[INFO] [stdout] 
[INFO] [stdout] error[E0425]: cannot find function, tuple struct or tuple variant `ClientKey` in this scope
[INFO] [stdout]   --> src/events_loader/mod.rs:25:29
[INFO] [stdout]    |
[INFO] [stdout] 25 |                     .header(ClientKey(key.clone()))
[INFO] [stdout]    |                             ^^^^^^^^^ not found in this scope
[INFO] [stdout] 
[INFO] [stdout] 
[INFO] [stdout] warning: use of deprecated macro `try`: use the `?` operator instead
[INFO] [stdout]   --> src/events_loader/types.rs:32:9
[INFO] [stdout]    |
[INFO] [stdout] 32 |         try!(write!(f, "<offset: {}, count: {}>", self.offset, self.count));
[INFO] [stdout]    |         ^^^
[INFO] [stdout]    |
[INFO] [stdout]    = note: `#[warn(deprecated)]` on by default
[INFO] [stdout] 
[INFO] [stdout] 
[INFO] [stdout] warning: use of deprecated macro `try`: use the `?` operator instead
[INFO] [stdout]   --> src/events_loader/types.rs:34:13
[INFO] [stdout]    |
[INFO] [stdout] 34 |             try!(write!(f, "[#{}: {}]", item.id, item.title));
[INFO] [stdout]    |             ^^^
[INFO] [stdout] 
[INFO] [stdout] 
[INFO] [stdout] warning: unused `#[macro_use]` import
[INFO] [stdout]  --> src/main.rs:1:1
[INFO] [stdout]   |
[INFO] [stdout] 1 | #[macro_use] extern crate hyper;
[INFO] [stdout]   | ^^^^^^^^^^^^
[INFO] [stdout]   |
[INFO] [stdout]   = note: `#[warn(unused_imports)]` on by default
[INFO] [stdout] 
[INFO] [stdout] 
[INFO] [stdout] error[E0599]: no function or associated item named `from_file` found for struct `Writer<_>` in the current scope
[INFO] [stdout]   --> src/events_loader/mod.rs:20:32
[INFO] [stdout]    |
[INFO] [stdout] 20 |     let mut wtr = csv::Writer::from_file(output).unwrap();
[INFO] [stdout]    |                                ^^^^^^^^^ function or associated item not found in `Writer<_>`
[INFO] [stdout] 
[INFO] [stdout] 
[INFO] [stdout] error[E0599]: no function or associated item named `from_file` found for struct `Writer<_>` in the current scope
[INFO] [stdout]   --> src/events_loader/mod.rs:20:32
[INFO] [stdout]    |
[INFO] [stdout] 20 |     let mut wtr = csv::Writer::from_file(output).unwrap();
[INFO] [stdout]    |                                ^^^^^^^^^ function or associated item not found in `Writer<_>`
[INFO] [stdout] 
[INFO] [stdout] 
[INFO] [stdout] error[E0308]: mismatched types
[INFO] [stdout]   --> src/events_loader/mod.rs:24:34
[INFO] [stdout]    |
[INFO] [stdout] 24 |         let mut res = client.get(&url)
[INFO] [stdout]    |                                  ^^^^ expected struct `Uri`, found `&std::string::String`
[INFO] [stdout] 
[INFO] [stdout] 
[INFO] [stdout] error[E0599]: no method named `header` found for struct `hyper::client::ResponseFuture` in the current scope
[INFO] [stdout]   --> src/events_loader/mod.rs:25:22
[INFO] [stdout]    |
[INFO] [stdout] 25 |                     .header(ClientKey(key.clone()))
[INFO] [stdout]    |                      ^^^^^^ method not found in `hyper::client::ResponseFuture`
[INFO] [stdout] 
[INFO] [stdout] 
[INFO] [stdout] warning: unused import: `std::io::Read`
[INFO] [stdout]  --> src/events_loader/mod.rs:3:5
[INFO] [stdout]   |
[INFO] [stdout] 3 | use std::io::Read;
[INFO] [stdout]   |     ^^^^^^^^^^^^^
[INFO] [stdout] 
[INFO] [stdout] 
[INFO] [stdout] error: aborting due to 6 previous errors; 4 warnings emitted
[INFO] [stdout] 
[INFO] [stdout] 
[INFO] [stdout] error[E0308]: mismatched types
[INFO] [stdout]   --> src/events_loader/mod.rs:24:34
[INFO] [stdout]    |
[INFO] [stdout] 24 |         let mut res = client.get(&url)
[INFO] [stdout]    |                                  ^^^^ expected struct `Uri`, found `&std::string::String`
[INFO] [stdout] 
[INFO] [stdout] 
[INFO] [stdout] Some errors have detailed explanations: E0308, E0425, E0432, E0599.
[INFO] [stdout] 
[INFO] [stdout] For more information about an error, try `rustc --explain E0308`.
[INFO] [stdout] 
[INFO] [stderr] error: could not compile `itkpi-web`.
[INFO] [stderr] 
[INFO] [stderr] To learn more, run the command again with --verbose.
[INFO] [stderr] warning: build failed, waiting for other jobs to finish...
[INFO] [stdout] error[E0599]: no method named `header` found for struct `hyper::client::ResponseFuture` in the current scope
[INFO] [stdout]   --> src/events_loader/mod.rs:25:22
[INFO] [stdout]    |
[INFO] [stdout] 25 |                     .header(ClientKey(key.clone()))
[INFO] [stdout]    |                      ^^^^^^ method not found in `hyper::client::ResponseFuture`
[INFO] [stdout] 
[INFO] [stdout] 
[INFO] [stdout] warning: unused import: `std::io::Read`
[INFO] [stdout]  --> src/events_loader/mod.rs:3:5
[INFO] [stdout]   |
[INFO] [stdout] 3 | use std::io::Read;
[INFO] [stdout]   |     ^^^^^^^^^^^^^
[INFO] [stdout] 
[INFO] [stdout] 
[INFO] [stdout] error: aborting due to 6 previous errors; 4 warnings emitted
[INFO] [stdout] 
[INFO] [stdout] 
[INFO] [stdout] Some errors have detailed explanations: E0308, E0425, E0432, E0599.
[INFO] [stdout] 
[INFO] [stdout] For more information about an error, try `rustc --explain E0308`.
[INFO] [stdout] 
[INFO] [stderr] error: build failed
[INFO] running `Command { std: "docker" "inspect" "dded1564d8f671db5edd87bbe4436f5373781da4ef73ac5a6510028cfc7b6e2e", kill_on_drop: false }`
[INFO] running `Command { std: "docker" "rm" "-f" "dded1564d8f671db5edd87bbe4436f5373781da4ef73ac5a6510028cfc7b6e2e", kill_on_drop: false }`
[INFO] [stdout] dded1564d8f671db5edd87bbe4436f5373781da4ef73ac5a6510028cfc7b6e2e
